 5. Determine l(0).
-3
Let v(r) = r**2 + 5*r - 3. Suppose -75*z = -68*z + 35. What is v(z)?
-3
Suppose 0 = 10*t - 6*t + 5*z - 75, 0 = 5*t + 4*z - 96. Suppose 5*u - 5 = t. Suppose -u*j + 2*j = 15. Let y(k) = k**2 + 7*k + 6. Determine y(j).
-4
Let s(n) be the first derivative of -3*n**2/2 + 7*n + 26. Calculate s(-7).
28
Let u(g) = -80*g**2 - 39*g - 53. Let w(c) = 29*c**2 + 13*c + 18. Let l(o) = 4*u(o) + 11*w(o). Calculate l(-11).
8
Let u(y) = -14*y**3 - 23*y**2 - 6*y - 6. Let g(o) = -5*o**3 - 8*o**2 - 2*o - 2. Let t(i) = 17*g(i) - 6*u(i). What is t(3)?
-1
Let t be 4/10 - 272/(-170). Let l(u) = -t - u - 11 + 1. What is l(0)?
-12
Let r = -4937/6 + 823. Let z(k) be the second derivative of 4*k + 0 + r*k**3 + 1/2*k**2. Calculate z(1).
2
Let z(r) = 2*r**3 - 13*r - 3. Let q(c) = c**3 - 4*c - 1. Let b(t) = -7*q(t) + 2*z(t). Suppose 8 = 8*p - 16*p. Calculate b(p).
2
Let a(w) = -w**3 + 6*w**2 + 2*w - 6. Suppose -4*j + 0 = -48. Suppose -7*g = -j*g + 30. Give a(g).
6
Let d = -535 - -531. Let z(b) be the third derivative of -b**4/6 - b**3/2 + 2*b**2. Calculate z(d).
13
Suppose -12 = 2*g + 4*x, -2*g - 3*g + x = -3. Let m(l) = 2 + g*l**2 - l**2 + 0*l**2. Suppose r + 2*r - 7*r = 0. Give m(r).
2
Suppose 0 = 154*b - 163*b - 27. Let o(p) = -6*p - 12. Calculate o(b).
6
Let g(z) = -z + 8. Let k = 31 - 26. Suppose 5*f = -4*v + 25, k*v - 1 = -5*f + 29. Calculate g(v).
3
Let x(k) = 15*k + 21. Let v(r) = -5*r + 0*r + 2*r - 4. Let y be 2/(-2) - 1*20. Let n(m) = y*v(m) - 4*x(m). Determine n(1).
3
Suppose -3*j + 2*j - 8 = 0. Let a(p) = 3*p**3 - 8*p**2 - p + 13. Let f(u) = 2*u**3 - 8*u**2 + 12. Let h(i) = 3*a(i) - 4*f(i). Calculate h(j).
15
Let n(k) = k - 2. Let x(h) = 44*h - 44. Let r(f) = 44*n(f) - 2*x(f). Calculate r(-1).
44
Let t be -2 - (8/4 + -10). Let u be (-2)/t - (-143)/(-39). Let d = u - 0. Let f(b) = -b**2 - b + 3. Give f(d).
-9
Let n(q) = q**3 - 25*q**2 - 25*q - 29. Suppose 29 = s + 3. Let v be n(s). Let b(z) be the second derivative of z**4/6 + 2*z**3/3 - z**2/2 + z. What is b(v)?
5
Let u(v) be the third derivative of v**5/60 - 5*v**4/24 + 7*v**3/6 - 7*v**2 + 4*v. Determine u(6).
13
Suppose -6*z = -2*z. Let q(f) = 2*f**2 - 5*f - 14. Let c(s) = s**2 - 3*s - 7. Let o(t) = 5*c(t) - 3*q(t). What is o(z)?
7
Let p(f) = -f - 13. Let k(u) = -3. Let o(i) = 2*k(i) - p(i). Calculate o(-19).
-12
Let d(q) = -2*q**2 - 19*q + 109. Let c be d(4). Let z(a) = -8*a**2 + 0*a + 2*a**2 + a. Give z(c).
-5
Let i(k) = k**2 - k + 1. Let s = -1061 - -1056. Determine i(s).
31
Let v(z) be the first derivative of z**4/4 - 2*z**3 + z**2 - 6*z - 182. Calculate v(6).
6
Let q(t) = t**3 - 4*t**2 + 5*t + 1. Suppose 8*n - 9 - 23 = 0. Determine q(n).
21
Let h(w) be the second derivative of w**5/20 + w**4/12 + 10*w**2 + 3*w + 2. Determine h(0).
20
Let c(j) = -j**2 - 7*j - 3. Let r(u) = -2*u**2 + 12*u - 25. Let s be r(3). What is c(s)?
-3
Let g(n) be the second derivative of 5*n**4/12 + n**2/2 - n - 11. Calculate g(-1).
6
Let y be (-27)/(-6) - (-3)/(-6). Let l(m) be the first derivative of -1/4*m**4 - 6 + 5/3*m**3 - m**2 - m. Determine l(y).
7
Let s = 4 - 1. Suppose -2*r + 3*u = 8*u - 15, 5*u = 5. Let y(w) = r - 1 - 2 + 2*w - w**2. What is y(s)?
-1
Let y(t) be the third derivative of -1/6*t**4 - 1/2*t**3 + 16*t**2 + 0*t + 0. Calculate y(-3).
9
Let i(p) be the third derivative of p**6/120 - p**4/6 + 2*p**3/3 - 310*p**2. What is i(3)?
19
Let m = -18 - -6. Let q be 44/20 - m/15. Let s(b) be the second derivative of -b**4/12 + 2*b**3/3 - b**2 + 2*b. Give s(q).
1
Let x(s) = s**2 - 4*s + 5. Suppose 47*a = 17 + 218. Calculate x(a).
10
Let t(l) = 2*l**3 + l. Let m(i) = -5*i**3 + 4*i**2 + i - 1. Let v(j) = m(j) + 2*t(j). Calculate v(4).
11
Let t(h) be the third derivative of -5*h**4/24 + h**3/2 + 274*h**2 - 2*h. Give t(-3).
18
Let d(u) = 5*u + 42. Let b = -94 + 86. What is d(b)?
2
Let c(k) = -1 + k + 1 + 9. Let h(b) = -9*b + 29. Let s be h(4). Let a be c(s). Let t(p) = -5*p**2 + 3*p - 1. What is t(a)?
-15
Let v = 19 - 17. Suppose 8*d - v*d = -6. Let k(l) = 6*l**3 + l**2. What is k(d)?
-5
Let l(s) be the second derivative of s**3/6 - 5*s**2 - 9*s - 17. Determine l(11).
1
Let s(f) = -8 - 5*f + 4 + 0*f. Suppose 0 = -r, 3*y - r = -2*y - 25. What is s(y)?
21
Let h(u) = 4*u - 2. Let n be ((-2)/(-4))/((-3)/(-132)). Suppose -4*w - 48 = -5*x, 80 = -6*w + 2*w - 3*x. Let t = n + w. Calculate h(t).
18
Let d(x) be the first derivative of x**4/4 + 4*x**3/3 - 2*x + 17. Let z = -7 + 3. What is d(z)?
-2
Let a(t) be the third derivative of t**7/5040 - t**6/360 - t**5/60 - 4*t**2. Let g(w) be the third derivative of a(w). Give g(-5).
-7
Suppose -53*p = -12*p - 369. Let s(j) = -j**3 + 8*j**2 + 9*j + 5. Give s(p).
5
Suppose -4*w + 3*w - 2 = 0. Let u be 24/14 + w/(-7). Let p(v) = 173*v**3 - 23*v**2 - 3*v + 25*v**2 - 2 + 6*v - 175*v**3. Give p(u).
-4
Let w(h) be the third derivative of h**6/120 + h**5/15 + h**4/6 - 4*h**2. Let q(a) = a**3 + 8*a**2 + 5*a - 17. Let z be q(-7). Give w(z).
-3
Let m = -11 - -14. Suppose -m*r + 4*r = 2. Let f(a) be the third derivative of -a**4/24 - a**3/3 + a**2. Give f(r).
-4
Let t(d) = d**2 + 13*d - 11. Let o be t(-14). Suppose r + 8 = o*r. Let m be -3 - -5 - 8/r. Let v(b) = b**3 + b**2 - b + 2. Determine v(m).
2
Let f(s) = -20*s + 201. Let q be f(10). Let g(u) = -25*u**2 + u - 2. Give g(q).
-26
Let c(d) = d**3 + 5*d**2 + 2. Let k be c(-5). Let s(f) be the first derivative of f**2/2 + 1451. Give s(k).
2
Let z(g) be the third derivative of 1/24*g**4 - 23*g**2 + 0*g + 0 + 17/6*g**3. Determine z(0).
17
Let w(n) = 2*n + 12. Let i be w(-4). Let a(d) = -3*d**3 + 4*d**3 - 7*d + i - 2*d**3 - 9*d**2. Determine a(-8).
-4
Let p(k) = -3*k + 3. Let o be p(-4). Suppose s - o = -2*s. Let b(c) = 3*c**2 + c**3 + 3*c**2 - s - c**2 - 5*c. Give b(-6).
-11
Suppose -2*f - 10 = -0. Let w(v) be the second derivative of -v**3/3 - 5*v**2/2 + 17*v. Let c be w(f). Let g(u) = -u**3 + 4*u**2 + 7*u - 5. Give g(c).
5
Let p(b) = -4*b**3 + b**2 + b + 1. Suppose 15*h - 17*h - 16 = 0. Let w = 10 + h. Suppose 2*z + 4*q = 14, 3*z - w*q + 5*q = 9. What is p(z)?
5
Let d(f) = f**3 + 9*f**2 + f + 5. Let h = -265 - -256. What is d(h)?
-4
Let i(y) be the second derivative of -y**6/720 + y**5/15 + 7*y**4/4 - 39*y. Let v(t) be the third derivative of i(t). Determine v(0).
8
Let c(z) = -z - 3. Let t = 20 - 14. Let f(u) = -u**2 + 4*u + 2. Let v be f(6). Let l = t + v. Give c(l).
1
Let q(x) = -x**2 - 5*x + 9. Let p(r) = -12*r + 147. Let k be p(13). Calculate q(k).
-27
Let x(h) = 19*h + 10. Let z(y) = 13*y + 6. Let u(b) = -5*x(b) + 8*z(b). What is u(-3)?
-29
Let r(y) = y. Let b(x) = -2. Let o(h) = -b(h) + 2*r(h). Let i be 2/1 + 4/(-2). Suppose -5*s = 2*a - 13, i*s + 40 = -5*a + 2*s. Calculate o(a).
-10
Let m(r) = -12*r**3 + 6*r**2 - 4*r. Let q(s) = 6*s**3 - 3*s**2 + 2*s. Let t(h) = -3*m(h) - 5*q(h). Let g be t(1). Let w(x) = -3*x + 3. What is w(g)?
-12
Let o(f) = -4*f. Let q(d) = d**3 + 28*d**2 - 4*d - 109. Let m be q(-28). Determine o(m).
-12
Let j(s) = -s**3 - 32*s**2 + 21*s - 393. Let y be j(-33). Let l(z) = 0 + 0*z + 3 - 2*z. Calculate l(y).
-3
Let m(p) be the second derivative of -p**5/20 + p**4/2 - 3*p**2 - p. Suppose -i = 5*d - 26, 2*i = -3*d + 230 - 206. What is m(i)?
-6
Let v(h) = 1 + 5*h - h - 6*h + 12*h. Let g(c) be the second derivative of -c**4/12 - 2*c**3/3 - c**2/2 - c. Let a be g(-4). Calculate v(a).
-9
Let v(c) be the first derivative of c**4/4 + 2*c**3 - c**2 - c + 273. Calculate v(-6).
11
Let v(t) = -t**2 + 8*t - 7. Suppose 22*x + 54 = 31*x. Give v(x).
5
Let f(b) = -2*b**2 - b. Suppose -4*p + 9*p + 11 = -3*w, 4*p = 3*w - 25. Suppose -5*q + w*q = -6. Let z be ((-1)/q)/(1/(-3)). Calculate f(z).
-3
Let j(d) be the second derivative of d**3/6 + 11*d**2/2 - 9*d + 1. Calculate j(-5).
6
Let x(w) = w + 12. Suppose -2*y = 5*u + 1, 0*u - 3*u = 4*y - 19. Let d(b) = 3*b - 30. Let p be d(y). Calculate x(p).
3
Let l(g) = g**2 - 7*g + 9. Let d be l(6). Let s(i) = 3*i - 2*i**2 + 2078 - 4151 + 2075. Give s(d).
-7
Let t(i) be the third derivative of i**5/60 + 5*i**4/24 - 5*i**3/6 - i**2 + 403*i. Let n be -1*(0 - (-4 + -1)). What is t(n)?
-5
Let j(a) = -a - 2. Let h(i) = -11*i - 14. Let f(g) = 2*h(g) - 18*j(g). Determine f(6).
-16
Let s(z) = -z**2. Let x(l) be the second derivative of 3*l**5/20 + l**4/6 + l**3/3 + l**2/2 - 10*l. Let u be -2 - (